{"id":130,"date":"2023-04-25T08:56:52","date_gmt":"2023-04-25T08:56:52","guid":{"rendered":"https:\/\/aquasunhotel.vn\/?page_id=130"},"modified":"2023-08-26T04:39:55","modified_gmt":"2023-08-26T04:39:55","slug":"poolbar","status":"publish","type":"page","link":"https:\/\/aquasunhotel.vn\/?page_id=130","title":{"rendered":"Rooftop"},"content":{"rendered":"\t\t<div data-elementor-type=\"wp-page\" data-elementor-id=\"130\" class=\"elementor elementor-130\" data-elementor-post-type=\"page\">\n\t\t\t\t\t\t<section class=\"elementor-section elementor-top-section elementor-element elementor-element-59c32ab2 elementor-section-content-middle elementor-section-boxed elementor-section-height-default elementor-section-height-default\" data-id=\"59c32ab2\" data-element_type=\"section\" data-settings=\"{&quot;background_background&quot;:&quot;classic&quot;}\">\n\t\t\t\t\t\t\t<div class=\"elementor-background-overlay\"><\/div>\n\t\t\t\t\t\t\t<div class=\"elementor-container elementor-column-gap-default\">\n\t\t\t\t\t<div class=\"elementor-column elementor-col-50 elementor-top-column elementor-element elementor-element-3a657bb3\" data-id=\"3a657bb3\" data-element_type=\"column\">\n\t\t\t<div class=\"elementor-widget-wrap elementor-element-populated\">\n\t\t\t\t\t\t<div class=\"elementor-element elementor-element-1857f01e elementor-invisible elementor-widget elementor-widget-heading\" data-id=\"1857f01e\" data-element_type=\"widget\" data-settings=\"{&quot;_animation&quot;:&quot;fadeInDown&quot;}\" data-widget_type=\"heading.default\">\n\t\t\t\t<div class=\"elementor-widget-container\">\n\t\t\t\t\t<h2 class=\"elementor-heading-title elementor-size-default\">Rooftop<\/h2>\t\t\t\t<\/div>\n\t\t\t\t<\/div>\n\t\t\t\t<div class=\"elementor-element elementor-element-66b481f7 elementor-invisible elementor-widget elementor-widget-text-editor\" data-id=\"66b481f7\" data-element_type=\"widget\" data-settings=\"{&quot;_animation&quot;:&quot;fadeIn&quot;,&quot;_animation_delay&quot;:720}\" data-widget_type=\"text-editor.default\">\n\t\t\t\t<div class=\"elementor-widget-container\">\n\t\t\t\t\t\t\t\t\tKh\u00f4ng gian hi\u1ec7n \u0111\u1ea1i, t\u1ea7m nh\u00ecn to\u00e0n c\u1ea3nh n\u00fai r\u1eebng v\u00e0 bi\u1ec3n \u2013 l\u00e0 n\u01a1i \u0111\u1ec3 th\u01b0 gi\u00e3n tr\u00ean t\u1ea7ng cao nh\u1ea5t c\u1ee7a kh\u00e1ch s\u1ea1n!\t\t\t\t\t\t\t\t<\/div>\n\t\t\t\t<\/div>\n\t\t\t\t\t<\/div>\n\t\t<\/div>\n\t\t\t\t<div class=\"elementor-column elementor-col-50 elementor-top-column elementor-element elementor-element-6f0361ab\" data-id=\"6f0361ab\" data-element_type=\"column\">\n\t\t\t<div class=\"elementor-widget-wrap elementor-element-populated\">\n\t\t\t\t\t\t<div class=\"elementor-element elementor-element-3d6662b2 elementor-icon-list--layout-inline elementor-align-right elementor-widget__width-auto elementor-list-item-link-full_width elementor-invisible elementor-widget elementor-widget-icon-list\" data-id=\"3d6662b2\" data-element_type=\"widget\" data-settings=\"{&quot;_animation&quot;:&quot;fadeInRight&quot;}\" data-widget_type=\"icon-list.default\">\n\t\t\t\t<div class=\"elementor-widget-container\">\n\t\t\t\t\t\t\t<ul class=\"elementor-icon-list-items elementor-inline-items\">\n\t\t\t\t\t\t\t<li class=\"elementor-icon-list-item elementor-inline-item\">\n\t\t\t\t\t\t\t\t\t\t\t<a href=\"https:\/\/aquasunhotel.vn\">\n\n\t\t\t\t\t\t\t\t\t\t\t\t<span class=\"elementor-icon-list-icon\">\n\t\t\t\t\t\t\t<i aria-hidden=\"true\" class=\"icomoon icomoon-home\"><\/i>\t\t\t\t\t\t<\/span>\n\t\t\t\t\t\t\t\t\t\t<span class=\"elementor-icon-list-text\">Trang ch\u1ee7<\/span>\n\t\t\t\t\t\t\t\t\t\t\t<\/a>\n\t\t\t\t\t\t\t\t\t<\/li>\n\t\t\t\t\t\t\t\t<li class=\"elementor-icon-list-item elementor-inline-item\">\n\t\t\t\t\t\t\t\t\t\t\t<a href=\"https:\/\/aquasunhotel.vn\/?page_id=130\">\n\n\t\t\t\t\t\t\t\t\t\t\t\t<span class=\"elementor-icon-list-icon\">\n\t\t\t\t\t\t\t<i aria-hidden=\"true\" class=\"fas fa-chevron-right\"><\/i>\t\t\t\t\t\t<\/span>\n\t\t\t\t\t\t\t\t\t\t<span class=\"elementor-icon-list-text\">Rooftop<\/span>\n\t\t\t\t\t\t\t\t\t\t\t<\/a>\n\t\t\t\t\t\t\t\t\t<\/li>\n\t\t\t\t\t\t<\/ul>\n\t\t\t\t\t\t<\/div>\n\t\t\t\t<\/div>\n\t\t\t\t\t<\/div>\n\t\t<\/div>\n\t\t\t\t\t<\/div>\n\t\t<\/section>\n\t\t\t\t<section class=\"elementor-section elementor-top-section elementor-element elementor-element-6cd69889 elementor-reverse-tablet elementor-reverse-mobile elementor-section-boxed elementor-section-height-default elementor-section-height-default\" data-id=\"6cd69889\" data-element_type=\"section\" data-settings=\"{&quot;background_background&quot;:&quot;classic&quot;}\">\n\t\t\t\t\t\t\t<div class=\"elementor-background-overlay\"><\/div>\n\t\t\t\t\t\t\t<div class=\"elementor-container elementor-column-gap-default\">\n\t\t\t\t\t<div class=\"elementor-column elementor-col-50 elementor-top-column elementor-element elementor-element-22227b4e\" data-id=\"22227b4e\" data-element_type=\"column\">\n\t\t\t<div class=\"elementor-widget-wrap elementor-element-populated\">\n\t\t\t\t\t\t<div class=\"elementor-element elementor-element-cc032a9 elementor-widget__width-auto elementor-absolute elementor-hidden-desktop elementor-hidden-tablet elementor-hidden-mobile elementor-invisible elementor-widget elementor-widget-elementskit-video\" data-id=\"cc032a9\" data-element_type=\"widget\" data-settings=\"{&quot;_animation&quot;:&quot;slideInLeft&quot;,&quot;_position&quot;:&quot;absolute&quot;}\" data-widget_type=\"elementskit-video.default\">\n\t\t\t\t<div class=\"elementor-widget-container\">\n\t\t\t\t\t<div class=\"ekit-wid-con\" >\t\t<div class=\"video-content\" data-video-player=\"[&quot;duration&quot;]\" data-video-setting=\"{&quot;videoVolume&quot;:&quot;horizontal&quot;,&quot;startVolume&quot;:0.8,&quot;videoType&quot;:&quot;iframe&quot;,&quot;videoClass&quot;:&quot;mfp-fade&quot;}\">\n\t\t\t\n<a class=\"ekit_icon_button ekit-video-popup ekit-video-popup-btn\" href=\"https:\/\/www.youtube.com\/embed\/VhBl3dHT5SY?feature=oembed?playlist=VhBl3dHT5SY&amp;mute=0&amp;autoplay=0&amp;loop=no&amp;controls=0&amp;start=0&amp;end=\" aria-label=\"video-popup\">\n\t\t\t\t<i aria-hidden=\"true\" class=\"icomoon icomoon-play3\"><\/i>\t\t<\/a>\t\t\t\t\t<\/div>\n\t\t<\/div>\t\t\t\t<\/div>\n\t\t\t\t<\/div>\n\t\t\t\t<div class=\"elementor-element elementor-element-5b802381 elementor-widget__width-initial elementor-absolute elementor-invisible elementor-widget elementor-widget-image\" data-id=\"5b802381\" data-element_type=\"widget\" data-settings=\"{&quot;_position&quot;:&quot;absolute&quot;,&quot;_animation&quot;:&quot;slideInUp&quot;}\" data-widget_type=\"image.default\">\n\t\t\t\t<div class=\"elementor-widget-container\">\n\t\t\t\t\t\t\t\t\t\t\t\t\t\t\t<img fetchpriority=\"high\" decoding=\"async\" width=\"1280\" height=\"854\" src=\"https:\/\/aquasunhotel.vn\/wp-content\/uploads\/2023\/04\/straw-hat-with-sunglasses-wooden-terrace-of-holiday-villa-or-hotel-with-sea-and-wimming-pool-view.jpg\" class=\"attachment-full size-full wp-image-76\" alt=\"\" srcset=\"https:\/\/aquasunhotel.vn\/wp-content\/uploads\/2023\/04\/straw-hat-with-sunglasses-wooden-terrace-of-holiday-villa-or-hotel-with-sea-and-wimming-pool-view.jpg 1280w, https:\/\/aquasunhotel.vn\/wp-content\/uploads\/2023\/04\/straw-hat-with-sunglasses-wooden-terrace-of-holiday-villa-or-hotel-with-sea-and-wimming-pool-view-300x200.jpg 300w, https:\/\/aquasunhotel.vn\/wp-content\/uploads\/2023\/04\/straw-hat-with-sunglasses-wooden-terrace-of-holiday-villa-or-hotel-with-sea-and-wimming-pool-view-1024x683.jpg 1024w, https:\/\/aquasunhotel.vn\/wp-content\/uploads\/2023\/04\/straw-hat-with-sunglasses-wooden-terrace-of-holiday-villa-or-hotel-with-sea-and-wimming-pool-view-768x512.jpg 768w\" sizes=\"(max-width: 1280px) 100vw, 1280px\" \/>\t\t\t\t\t\t\t\t\t\t\t\t\t\t\t<\/div>\n\t\t\t\t<\/div>\n\t\t\t\t<div class=\"elementor-element elementor-element-1f3250b0 elementor-invisible elementor-widget elementor-widget-image\" data-id=\"1f3250b0\" data-element_type=\"widget\" data-settings=\"{&quot;_animation&quot;:&quot;fadeInRight&quot;}\" data-widget_type=\"image.default\">\n\t\t\t\t<div class=\"elementor-widget-container\">\n\t\t\t\t\t\t\t\t\t\t\t\t\t\t\t<img decoding=\"async\" width=\"1200\" height=\"800\" src=\"https:\/\/aquasunhotel.vn\/wp-content\/uploads\/2023\/05\/long-beach-center-trung.webp\" class=\"attachment-full size-full wp-image-824\" alt=\"\" srcset=\"https:\/\/aquasunhotel.vn\/wp-content\/uploads\/2023\/05\/long-beach-center-trung.webp 1200w, https:\/\/aquasunhotel.vn\/wp-content\/uploads\/2023\/05\/long-beach-center-trung-300x200.webp 300w, https:\/\/aquasunhotel.vn\/wp-content\/uploads\/2023\/05\/long-beach-center-trung-1024x683.webp 1024w, https:\/\/aquasunhotel.vn\/wp-content\/uploads\/2023\/05\/long-beach-center-trung-768x512.webp 768w\" sizes=\"(max-width: 1200px) 100vw, 1200px\" \/>\t\t\t\t\t\t\t\t\t\t\t\t\t\t\t<\/div>\n\t\t\t\t<\/div>\n\t\t\t\t\t<\/div>\n\t\t<\/div>\n\t\t\t\t<div class=\"elementor-column elementor-col-50 elementor-top-column elementor-element elementor-element-1b9fe59f\" data-id=\"1b9fe59f\" data-element_type=\"column\">\n\t\t\t<div class=\"elementor-widget-wrap elementor-element-populated\">\n\t\t\t\t\t\t<div class=\"elementor-element elementor-element-392097ef elementor-widget elementor-widget-heading\" data-id=\"392097ef\" data-element_type=\"widget\" data-widget_type=\"heading.default\">\n\t\t\t\t<div class=\"elementor-widget-container\">\n\t\t\t\t\t<h2 class=\"elementor-heading-title elementor-size-default\">AQUASUN HOTEL PH\u00da QU\u1ed0C<\/h2>\t\t\t\t<\/div>\n\t\t\t\t<\/div>\n\t\t\t\t<div class=\"elementor-element elementor-element-c99324b elementor-invisible elementor-widget elementor-widget-heading\" data-id=\"c99324b\" data-element_type=\"widget\" data-settings=\"{&quot;_animation&quot;:&quot;fadeInUp&quot;}\" data-widget_type=\"heading.default\">\n\t\t\t\t<div class=\"elementor-widget-container\">\n\t\t\t\t\t<h2 class=\"elementor-heading-title elementor-size-default\">EDENMOON BAR<\/h2>\t\t\t\t<\/div>\n\t\t\t\t<\/div>\n\t\t\t\t<div class=\"elementor-element elementor-element-7455ca4c elementor-widget elementor-widget-text-editor\" data-id=\"7455ca4c\" data-element_type=\"widget\" data-widget_type=\"text-editor.default\">\n\t\t\t\t<div class=\"elementor-widget-container\">\n\t\t\t\t\t\t\t\t\t<p>T\u1ea1m g\u00e1c l\u1ea1i nh\u1eefng lo toan v\u00e0 tham gia nh\u1eefng b\u1eefa ti\u1ec7c \u0111\u00eam t\u1ea1i Edenmoon Bar tr\u00ean t\u1ea7ng 11. H\u00e3y \u0111\u1ebfn v\u00e0 th\u01b0\u1edfng th\u1ee9c c\u00e1c lo\u1ea1i bia \u0111\u01b0\u1ee3c l\u00ean men t\u1ea1i \u0111\u1ecba ph\u01b0\u01a1ng, c\u00e1c lo\u1ea1i r\u01b0\u1ee3u \u0111\u1eb7c tr\u01b0ng, b\u00ean c\u1ea1nh nh\u1eefng chai vang \u0111\u01b0\u1ee3c k\u1ebft h\u1ee3p ho\u00e0n h\u1ea3o v\u1edbi th\u1ef1c \u0111\u01a1n \u0111\u01b0\u1ee3c tuy\u1ec3n ch\u1ecdn. \u0110\u1eb7c bi\u1ec7t, cocktail\/mocktail \u0111\u01b0\u1ee3c pha ch\u1ebf b\u1edfi bartender t\u00e0i n\u0103ng l\u00e0nh ngh\u1ec1 v\u00e0 lu\u00f4n \u0111\u01b0\u1ee3c \u0111i\u1ec1u ch\u1ec9nh m\u1ed9t c\u00e1ch c\u00e1 nh\u00e2n \u0111\u1ec3 ph\u00f9 h\u1ee3p ho\u00e0n h\u1ea3o v\u1edbi t\u00e2m tr\u1ea1ng c\u1ee7a b\u1ea1n.<\/p><p>Kh\u00f4ng gian tho\u00e1ng \u0111\u00e3ng tr\u00ean t\u1ea7ng th\u01b0\u1ee3ng v\u1edbi t\u1ea7m nh\u00ecn tuy\u1ec7t \u0111\u1eb9p ra b\u1edd bi\u1ec3n b\u00e3i D\u00e0i v\u00e0 th\u00e0nh ph\u1ed1 Ph\u00fa Qu\u1ed1c, Edenmoon Bar t\u1ea7ng 11 c\u1ee7a Aquasun Hotel Ph\u00fa Qu\u1ed1c l\u00e0 \u0111\u1ecba \u0111i\u1ec3m tuy\u1ec7t v\u1eddi \u0111\u1ec3 th\u01b0\u1edfng th\u1ee9c c\u00f9ng b\u1ea1n b\u00e8, ng\u01b0\u1eddi th\u00e2n.<\/p>\t\t\t\t\t\t\t\t<\/div>\n\t\t\t\t<\/div>\n\t\t\t\t<div class=\"elementor-element elementor-element-750fa6ef elementor-tablet-align-center elementor-mobile-align-left elementor-hidden-desktop elementor-hidden-tablet elementor-hidden-mobile elementor-widget elementor-widget-button\" data-id=\"750fa6ef\" data-element_type=\"widget\" data-widget_type=\"button.default\">\n\t\t\t\t<div class=\"elementor-widget-container\">\n\t\t\t\t\t\t\t\t\t<div class=\"elementor-button-wrapper\">\n\t\t\t\t\t<a class=\"elementor-button elementor-button-link elementor-size-sm\" href=\"#\">\n\t\t\t\t\t\t<span class=\"elementor-button-content-wrapper\">\n\t\t\t\t\t\t\t\t\t<span class=\"elementor-button-text\">Discover More<\/span>\n\t\t\t\t\t<\/span>\n\t\t\t\t\t<\/a>\n\t\t\t\t<\/div>\n\t\t\t\t\t\t\t\t<\/div>\n\t\t\t\t<\/div>\n\t\t\t\t\t<\/div>\n\t\t<\/div>\n\t\t\t\t\t<\/div>\n\t\t<\/section>\n\t\t\t\t<section class=\"elementor-section elementor-top-section elementor-element elementor-element-9f35f90 elementor-section-boxed elementor-section-height-default elementor-section-height-default\" data-id=\"9f35f90\" data-element_type=\"section\" data-settings=\"{&quot;background_background&quot;:&quot;classic&quot;}\">\n\t\t\t\t\t\t\t<div class=\"elementor-background-overlay\"><\/div>\n\t\t\t\t\t\t\t<div class=\"elementor-container elementor-column-gap-default\">\n\t\t\t\t\t<div class=\"elementor-column elementor-col-100 elementor-top-column elementor-element elementor-element-584e317\" data-id=\"584e317\" data-element_type=\"column\">\n\t\t\t<div class=\"elementor-widget-wrap elementor-element-populated\">\n\t\t\t\t\t\t<div class=\"elementor-element elementor-element-713f516 elementor-widget elementor-widget-heading\" data-id=\"713f516\" data-element_type=\"widget\" data-widget_type=\"heading.default\">\n\t\t\t\t<div class=\"elementor-widget-container\">\n\t\t\t\t\t<h2 class=\"elementor-heading-title elementor-size-default\">T\u1ea1i sao ch\u1ecdn ch\u00fang t\u00f4i<\/h2>\t\t\t\t<\/div>\n\t\t\t\t<\/div>\n\t\t\t\t<div class=\"elementor-element elementor-element-f64e31b elementor-widget elementor-widget-heading\" data-id=\"f64e31b\" data-element_type=\"widget\" data-widget_type=\"heading.default\">\n\t\t\t\t<div class=\"elementor-widget-container\">\n\t\t\t\t\t<h2 class=\"elementor-heading-title elementor-size-default\">AQUASUN HOTEL L\u00c0 L\u1ef0A CH\u1eccN TUY\u1ec6T V\u1edcI CHO B\u1ea0N<\/h2>\t\t\t\t<\/div>\n\t\t\t\t<\/div>\n\t\t\t\t<div class=\"elementor-element elementor-element-118d4f2 elementor-widget__width-initial elementor-widget elementor-widget-text-editor\" data-id=\"118d4f2\" data-element_type=\"widget\" data-widget_type=\"text-editor.default\">\n\t\t\t\t<div class=\"elementor-widget-container\">\n\t\t\t\t\t\t\t\t\tN\u1ebfu b\u1ea1n \u0111ang t\u00ecm ki\u1ebfm m\u1ed9t n\u01a1i ghi d\u1ea5u \u1ea5n cho c\u00e1c s\u1ef1 ki\u1ec7n quan tr\u1ecdng c\u1ee7a b\u1ea1n c\u00f9ng c\u1ea3 gia \u0111\u00ecnh, v\u1edbi ng\u01b0\u1eddi b\u1ea1n y\u00eau th\u01b0\u01a1ng ho\u1eb7c m\u1ed9t k\u00ec ngh\u1ec9 \u0111\u1ea7y h\u1ee9ng kh\u1edfi c\u00f9ng b\u1ea1n b\u00e8\u2026 Ch\u00fang t\u00f4i tin r\u1eb1ng Aquasun Hotel Ph\u00fa Qu\u1ed1c s\u1ebd mang \u0111\u1ebfn cho b\u1ea1n nh\u1eefng tr\u1ea3i nghi\u1ec7m v\u1ec1 s\u1ef1 hi\u1ebfu kh\u00e1ch \u0111\u1ea7y tr\u00e2n tr\u1ecdng.\t\t\t\t\t\t\t\t<\/div>\n\t\t\t\t<\/div>\n\t\t\t\t<div class=\"elementor-element elementor-element-dc6d507 elementor-align-center elementor-widget elementor-widget-button\" data-id=\"dc6d507\" data-element_type=\"widget\" data-widget_type=\"button.default\">\n\t\t\t\t<div class=\"elementor-widget-container\">\n\t\t\t\t\t\t\t\t\t<div class=\"elementor-button-wrapper\">\n\t\t\t\t\t<a class=\"elementor-button elementor-button-link elementor-size-sm\" href=\"https:\/\/aquasunhotel.vn\/?page_id=1525\">\n\t\t\t\t\t\t<span class=\"elementor-button-content-wrapper\">\n\t\t\t\t\t\t\t\t\t<span class=\"elementor-button-text\">\u0110\u1eb6T PH\u00d2NG NGAY<\/span>\n\t\t\t\t\t<\/span>\n\t\t\t\t\t<\/a>\n\t\t\t\t<\/div>\n\t\t\t\t\t\t\t\t<\/div>\n\t\t\t\t<\/div>\n\t\t\t\t\t<\/div>\n\t\t<\/div>\n\t\t\t\t\t<\/div>\n\t\t<\/section>\n\t\t\t\t<\/div>\n\t\t","protected":false},"excerpt":{"rendered":"<p>Kh\u00f4ng gian hi\u1ec7n \u0111\u1ea1i, t\u1ea7m nh\u00ecn to\u00e0n c\u1ea3nh n\u00fai r\u1eebng v\u00e0 bi\u1ec3n \u2013 l\u00e0 n\u01a1i \u0111\u1ec3 th\u01b0 gi\u00e3n tr\u00ean t\u1ea7ng cao nh\u1ea5t c\u1ee7a kh\u00e1ch s\u1ea1n! Trang ch\u1ee7 AQUASUN HOTEL PH\u00da QU\u1ed0C EDENMOON BAR T\u1ea1m g\u00e1c l\u1ea1i nh\u1eefng lo toan v\u00e0 tham gia nh\u1eefng b\u1eefa ti\u1ec7c \u0111\u00eam t\u1ea1i Edenmoon Bar tr\u00ean t\u1ea7ng 11. H\u00e3y \u0111\u1ebfn v\u00e0 [&hellip;]<\/p>\n","protected":false},"author":1,"featured_media":0,"parent":0,"menu_order":0,"comment_status":"closed","ping_status":"closed","template":"elementor_header_footer","meta":{"om_disable_all_campaigns":false,"_monsterinsights_skip_tracking":false,"_monsterinsights_sitenote_active":false,"_monsterinsights_sitenote_note":"","_monsterinsights_sitenote_category":0,"_uf_show_specific_survey":0,"_uf_disable_surveys":false,"footnotes":""},"class_list":["post-130","page","type-page","status-publish","hentry"],"aioseo_notices":[],"lang":"vi","translations":{"vi":130,"en":4712},"pll_sync_post":[],"_links":{"self":[{"href":"https:\/\/aquasunhotel.vn\/index.php?rest_route=\/wp\/v2\/pages\/130"}],"collection":[{"href":"https:\/\/aquasunhotel.vn\/index.php?rest_route=\/wp\/v2\/pages"}],"about":[{"href":"https:\/\/aquasunhotel.vn\/index.php?rest_route=\/wp\/v2\/types\/page"}],"author":[{"embeddable":true,"href":"https:\/\/aquasunhotel.vn\/index.php?rest_route=\/wp\/v2\/users\/1"}],"replies":[{"embeddable":true,"href":"https:\/\/aquasunhotel.vn\/index.php?rest_route=%2Fwp%2Fv2%2Fcomments&post=130"}],"version-history":[{"count":29,"href":"https:\/\/aquasunhotel.vn\/index.php?rest_route=\/wp\/v2\/pages\/130\/revisions"}],"predecessor-version":[{"id":2955,"href":"https:\/\/aquasunhotel.vn\/index.php?rest_route=\/wp\/v2\/pages\/130\/revisions\/2955"}],"wp:attachment":[{"href":"https:\/\/aquasunhotel.vn\/index.php?rest_route=%2Fwp%2Fv2%2Fmedia&parent=130"}],"curies":[{"name":"wp","href":"https:\/\/api.w.org\/{rel}","templated":true}]}}