{"id":132,"date":"2023-04-25T08:57:06","date_gmt":"2023-04-25T08:57:06","guid":{"rendered":"https:\/\/aquasunhotel.vn\/?page_id=132"},"modified":"2026-01-27T08:45:40","modified_gmt":"2026-01-27T08:45:40","slug":"am-thuc","status":"publish","type":"page","link":"https:\/\/aquasunhotel.vn\/?page_id=132","title":{"rendered":"\u1ea8m th\u1ef1c"},"content":{"rendered":"\t\t<div data-elementor-type=\"wp-page\" data-elementor-id=\"132\" class=\"elementor elementor-132\" data-elementor-post-type=\"page\">\n\t\t\t\t\t\t<section class=\"elementor-section elementor-top-section elementor-element elementor-element-624a2658 elementor-section-content-middle elementor-section-boxed elementor-section-height-default elementor-section-height-default\" data-id=\"624a2658\" data-element_type=\"section\" data-settings=\"{&quot;background_background&quot;:&quot;classic&quot;}\">\n\t\t\t\t\t\t\t<div class=\"elementor-background-overlay\"><\/div>\n\t\t\t\t\t\t\t<div class=\"elementor-container elementor-column-gap-default\">\n\t\t\t\t\t<div class=\"elementor-column elementor-col-100 elementor-top-column elementor-element elementor-element-621561f\" data-id=\"621561f\" data-element_type=\"column\">\n\t\t\t<div class=\"elementor-widget-wrap elementor-element-populated\">\n\t\t\t\t\t\t<div class=\"elementor-element elementor-element-579dddc5 elementor-widget__width-inherit elementor-widget-mobile__width-inherit elementor-invisible elementor-widget elementor-widget-text-editor\" data-id=\"579dddc5\" data-element_type=\"widget\" data-settings=\"{&quot;_animation&quot;:&quot;fadeIn&quot;,&quot;_animation_delay&quot;:720}\" data-widget_type=\"text-editor.default\">\n\t\t\t\t<div class=\"elementor-widget-container\">\n\t\t\t\t\t\t\t\t\t<p>Khi m\u1ed7i nguy\u00ean li\u1ec7u l\u00e0 m\u1ed9t c\u00e2u chuy\u1ec7n&#8230;<\/p>\t\t\t\t\t\t\t\t<\/div>\n\t\t\t\t<\/div>\n\t\t\t\t<div class=\"elementor-element elementor-element-a7c0d3a elementor-icon-list--layout-inline elementor-align-center elementor-list-item-link-full_width elementor-invisible elementor-widget elementor-widget-icon-list\" data-id=\"a7c0d3a\" data-element_type=\"widget\" data-settings=\"{&quot;_animation&quot;:&quot;fadeInRight&quot;}\" data-widget_type=\"icon-list.default\">\n\t\t\t\t<div class=\"elementor-widget-container\">\n\t\t\t\t\t\t\t<ul class=\"elementor-icon-list-items elementor-inline-items\">\n\t\t\t\t\t\t\t<li class=\"elementor-icon-list-item elementor-inline-item\">\n\t\t\t\t\t\t\t\t\t\t\t<a href=\"\/\">\n\n\t\t\t\t\t\t\t\t\t\t\t\t<span class=\"elementor-icon-list-icon\">\n\t\t\t\t\t\t\t<i aria-hidden=\"true\" class=\"icomoon icomoon-home\"><\/i>\t\t\t\t\t\t<\/span>\n\t\t\t\t\t\t\t\t\t\t<span class=\"elementor-icon-list-text\">Trang ch\u1ee7<\/span>\n\t\t\t\t\t\t\t\t\t\t\t<\/a>\n\t\t\t\t\t\t\t\t\t<\/li>\n\t\t\t\t\t\t\t\t<li class=\"elementor-icon-list-item elementor-inline-item\">\n\t\t\t\t\t\t\t\t\t\t\t<span class=\"elementor-icon-list-icon\">\n\t\t\t\t\t\t\t<i aria-hidden=\"true\" class=\"fas fa-chevron-right\"><\/i>\t\t\t\t\t\t<\/span>\n\t\t\t\t\t\t\t\t\t\t<span class=\"elementor-icon-list-text\">\u1ea8m th\u1ef1c<\/span>\n\t\t\t\t\t\t\t\t\t<\/li>\n\t\t\t\t\t\t<\/ul>\n\t\t\t\t\t\t<\/div>\n\t\t\t\t<\/div>\n\t\t\t\t<div class=\"elementor-element elementor-element-f9f52e7 elementor-widget-divider--view-line elementor-widget elementor-widget-divider\" data-id=\"f9f52e7\" data-element_type=\"widget\" data-widget_type=\"divider.default\">\n\t\t\t\t<div class=\"elementor-widget-container\">\n\t\t\t\t\t\t\t<div class=\"elementor-divider\">\n\t\t\t<span class=\"elementor-divider-separator\">\n\t\t\t\t\t\t<\/span>\n\t\t<\/div>\n\t\t\t\t\t\t<\/div>\n\t\t\t\t<\/div>\n\t\t\t\t\t<\/div>\n\t\t<\/div>\n\t\t\t\t\t<\/div>\n\t\t<\/section>\n\t\t\t\t<section class=\"elementor-section elementor-top-section elementor-element elementor-element-2db056c5 elementor-reverse-tablet elementor-reverse-mobile elementor-section-boxed elementor-section-height-default elementor-section-height-default\" data-id=\"2db056c5\" data-element_type=\"section\" data-settings=\"{&quot;background_background&quot;:&quot;classic&quot;}\">\n\t\t\t\t\t\t\t<div class=\"elementor-background-overlay\"><\/div>\n\t\t\t\t\t\t\t<div class=\"elementor-container elementor-column-gap-default\">\n\t\t\t\t\t<div class=\"elementor-column elementor-col-100 elementor-top-column elementor-element elementor-element-39feefbd\" data-id=\"39feefbd\" data-element_type=\"column\">\n\t\t\t<div class=\"elementor-widget-wrap elementor-element-populated\">\n\t\t\t\t\t\t<div class=\"elementor-element elementor-element-5e22f3c elementor-widget elementor-widget-heading\" data-id=\"5e22f3c\" data-element_type=\"widget\" data-widget_type=\"heading.default\">\n\t\t\t\t<div class=\"elementor-widget-container\">\n\t\t\t\t\t<h2 class=\"elementor-heading-title elementor-size-default\">\u0110\u1ec3 h\u01b0\u1edbng t\u1edbi nh\u1eefng tr\u1ea3i nghi\u1ec7m <p>tr\u1ecdn v\u1eb9n v\u00e0 ch\u1ea5t l\u01b0\u1ee3ng<span style=\"color: var( --e-global-color-secondary );letter-spacing: var( --e-global-typography-5d167aa-letter-spacing )\"><\/span><\/p><\/h2>\t\t\t\t<\/div>\n\t\t\t\t<\/div>\n\t\t\t\t<div class=\"elementor-element elementor-element-4762c0f2 elementor-invisible elementor-widget elementor-widget-heading\" data-id=\"4762c0f2\" data-element_type=\"widget\" data-settings=\"{&quot;_animation&quot;:&quot;fadeInUp&quot;}\" data-widget_type=\"heading.default\">\n\t\t\t\t<div class=\"elementor-widget-container\">\n\t\t\t\t\t<h2 class=\"elementor-heading-title elementor-size-default\">Aquasun Hotel<\/h2>\t\t\t\t<\/div>\n\t\t\t\t<\/div>\n\t\t\t\t<section class=\"elementor-section elementor-inner-section elementor-element elementor-element-0e4dac6 elementor-section-boxed elementor-section-height-default elementor-section-height-default\" data-id=\"0e4dac6\" data-element_type=\"section\">\n\t\t\t\t\t\t<div class=\"elementor-container elementor-column-gap-default\">\n\t\t\t\t\t<div class=\"elementor-column elementor-col-33 elementor-inner-column elementor-element elementor-element-5cf058b\" data-id=\"5cf058b\" data-element_type=\"column\">\n\t\t\t<div class=\"elementor-widget-wrap\">\n\t\t\t\t\t\t\t<\/div>\n\t\t<\/div>\n\t\t\t\t<div class=\"elementor-column elementor-col-33 elementor-inner-column elementor-element elementor-element-798b136\" data-id=\"798b136\" data-element_type=\"column\">\n\t\t\t<div class=\"elementor-widget-wrap elementor-element-populated\">\n\t\t\t\t\t\t<div class=\"elementor-element elementor-element-73312faf elementor-widget__width-initial elementor-widget elementor-widget-text-editor\" data-id=\"73312faf\" data-element_type=\"widget\" data-widget_type=\"text-editor.default\">\n\t\t\t\t<div class=\"elementor-widget-container\">\n\t\t\t\t\t\t\t\t\t<p>ph\u1ee5c v\u1ee5 qu\u00fd kh\u00e1ch t\u1eeb nh\u1eefng b\u1eefa s\u00e1ng tr\u00e0n \u0111\u1ea7y n\u0103ng l\u01b0\u1ee3ng \u0111\u1ebfn nh\u1eefng b\u1eefa \u0103n tr\u01b0a hay b\u1eefa t\u1ed1i \u1ea5m c\u00fang t\u1ea1i Aqua-restaurant. Ngo\u00e0i ra, Aqua-rooftop Edenmoon Bar c\u0169ng l\u00e0 n\u01a1i l\u00fd t\u01b0\u1edfng cho v\u00e0i m\u00f3n \u0103n nh\u1eb9 b\u00ean b\u1edd h\u1ed3 b\u01a1i t\u1ea1i t\u1ea7ng cao nh\u1ea5t c\u1ee7a kh\u00e1ch s\u1ea1n v\u1edbi to\u00e0n c\u1ea3nh n\u00fai \u0111\u1ed3i, bi\u1ec3n c\u1ea3 m\u00eanh m\u00f4ng c\u1ee7a Ph\u00fa Qu\u1ed1c. Tr\u1ea3i nghi\u1ec7m \u1ea9m th\u1ef1c t\u1ea1i Aquasun Hotel Ph\u00fa Qu\u1ed1c \u0111\u01b0\u1ee3c n\u00e2ng t\u1ea7m v\u1edbi \u0111\u1ed9i ng\u0169 \u0111\u1ea7u b\u1ebfp v\u00e0 chuy\u00ean vi\u00ean pha ch\u1ebf, mang l\u1ea1i nh\u1eefng ph\u00fat gi\u00e2y t\u1eadn h\u01b0\u1edfng v\u00e0 \u1ea9m th\u1ef1c tr\u00f2n v\u1ecb.<\/p><p>C\u00f2n g\u00ec th\u00fa v\u1ecb h\u01a1n khi th\u01b0\u1edfng th\u1ee9c c\u00e1c m\u00f3n \u0103n ngon v\u00e0 chia s\u1ebb c\u00e2u chuy\u1ec7n vui b\u00ean ng\u01b0\u1eddi y\u00eau th\u01b0\u01a1ng v\u1edbi c\u00e1c m\u00f3n \u0103n \u0111\u1eb7c s\u1eafc mang n\u00e9t ri\u00eang t\u1ea1i nh\u00e0 h\u00e0ng Aquasun.<\/p>\t\t\t\t\t\t\t\t<\/div>\n\t\t\t\t<\/div>\n\t\t\t\t\t<\/div>\n\t\t<\/div>\n\t\t\t\t<div class=\"elementor-column elementor-col-33 elementor-inner-column elementor-element elementor-element-bab4f4c\" data-id=\"bab4f4c\" data-element_type=\"column\">\n\t\t\t<div class=\"elementor-widget-wrap\">\n\t\t\t\t\t\t\t<\/div>\n\t\t<\/div>\n\t\t\t\t\t<\/div>\n\t\t<\/section>\n\t\t\t\t<section class=\"elementor-section elementor-inner-section elementor-element elementor-element-48b2fb7f elementor-section-boxed elementor-section-height-default elementor-section-height-default\" data-id=\"48b2fb7f\" data-element_type=\"section\" data-settings=\"{&quot;background_background&quot;:&quot;classic&quot;}\">\n\t\t\t\t\t\t<div class=\"elementor-container elementor-column-gap-default\">\n\t\t\t\t\t<div class=\"elementor-column elementor-col-100 elementor-inner-column elementor-element elementor-element-5494bbd9\" data-id=\"5494bbd9\" data-element_type=\"column\">\n\t\t\t<div class=\"elementor-widget-wrap elementor-element-populated\">\n\t\t\t\t\t\t<div class=\"elementor-element elementor-element-3d848cb1 elementor-widget elementor-widget-elementskit-heading\" data-id=\"3d848cb1\" data-element_type=\"widget\" data-widget_type=\"elementskit-heading.default\">\n\t\t\t\t<div class=\"elementor-widget-container\">\n\t\t\t\t\t<div class=\"ekit-wid-con\" ><div class=\"ekit-heading elementskit-section-title-wraper center   ekit_heading_tablet-   ekit_heading_mobile-\"><h2 class=\"ekit-heading--title elementskit-section-title \">Xem th\u1ef1c \u0111\u01a1n<\/h2>\t\t\t\t<div class='ekit-heading__description'>\n\t\t\t\t\t<p>Ch\u00fang t\u00f4i thay \u0111\u1ed5i th\u1ef1c \u0111\u01a1n theo m\u00f9a v\u00e0 s\u1ebd lu\u00f4n c\u1eadp nh\u1eadt b\u1ea3n m\u1edbi nh\u1ea5t<\/p>\n\t\t\t\t<\/div>\n\t\t\t<\/div><\/div>\t\t\t\t<\/div>\n\t\t\t\t<\/div>\n\t\t\t\t<div class=\"elementor-element elementor-element-2628157 elementor-widget__width-initial elementor-widget-mobile__width-inherit elementor-widget elementor-widget-elementskit-button\" data-id=\"2628157\" data-element_type=\"widget\" data-widget_type=\"elementskit-button.default\">\n\t\t\t\t<div class=\"elementor-widget-container\">\n\t\t\t\t\t<div class=\"ekit-wid-con\" >\t\t<div class=\"ekit-btn-wraper\">\n\t\t\t\t\t\t\t<a href=\"https:\/\/aquasunhotel.vn\/menu-a-la-carte\/\" class=\"elementskit-btn  whitespace--normal\" >\n\t\t\t\t\t\n\t\t\t\t\t\n\t\t\t\t\tMenu ch\u1ecdn m\u00f3n\t\t\t\t<\/a>\n\t\t\t\t\t\t<\/div>\n        <\/div>\t\t\t\t<\/div>\n\t\t\t\t<\/div>\n\t\t\t\t<div class=\"elementor-element elementor-element-c90cb1e elementor-widget__width-initial elementor-widget-mobile__width-inherit elementor-widget elementor-widget-elementskit-button\" data-id=\"c90cb1e\" data-element_type=\"widget\" data-widget_type=\"elementskit-button.default\">\n\t\t\t\t<div class=\"elementor-widget-container\">\n\t\t\t\t\t<div class=\"ekit-wid-con\" >\t\t<div class=\"ekit-btn-wraper\">\n\t\t\t\t\t\t\t<a  class=\"elementskit-btn  whitespace--normal\" >\n\t\t\t\t\t\n\t\t\t\t\t\n\t\t\t\t\t\t\t\t\t<\/a>\n\t\t\t\t\t\t<\/div>\n        <\/div>\t\t\t\t<\/div>\n\t\t\t\t<\/div>\n\t\t\t\t<div class=\"elementor-element elementor-element-466456fa elementor-widget__width-initial elementor-widget-mobile__width-inherit elementor-widget elementor-widget-elementskit-button\" data-id=\"466456fa\" data-element_type=\"widget\" data-widget_type=\"elementskit-button.default\">\n\t\t\t\t<div class=\"elementor-widget-container\">\n\t\t\t\t\t<div class=\"ekit-wid-con\" >\t\t<div class=\"ekit-btn-wraper\">\n\t\t\t\t\t\t\t<a href=\"https:\/\/aquasunhotel.vn\/set-menu\/\" class=\"elementskit-btn  whitespace--normal\" >\n\t\t\t\t\t\n\t\t\t\t\t\n\t\t\t\t\tSet menu\t\t\t\t<\/a>\n\t\t\t\t\t\t<\/div>\n        <\/div>\t\t\t\t<\/div>\n\t\t\t\t<\/div>\n\t\t\t\t<div class=\"elementor-element elementor-element-076b6e2 elementor-widget__width-initial elementor-widget-mobile__width-inherit elementor-widget elementor-widget-elementskit-button\" data-id=\"076b6e2\" data-element_type=\"widget\" data-widget_type=\"elementskit-button.default\">\n\t\t\t\t<div class=\"elementor-widget-container\">\n\t\t\t\t\t<div class=\"ekit-wid-con\" >\t\t<div class=\"ekit-btn-wraper\">\n\t\t\t\t\t\t\t<a  class=\"elementskit-btn  whitespace--normal\" >\n\t\t\t\t\t\n\t\t\t\t\t\n\t\t\t\t\t\t\t\t\t<\/a>\n\t\t\t\t\t\t<\/div>\n        <\/div>\t\t\t\t<\/div>\n\t\t\t\t<\/div>\n\t\t\t\t<div class=\"elementor-element elementor-element-4036fb4 elementor-widget__width-initial elementor-widget-mobile__width-inherit elementor-widget elementor-widget-elementskit-button\" data-id=\"4036fb4\" data-element_type=\"widget\" data-widget_type=\"elementskit-button.default\">\n\t\t\t\t<div class=\"elementor-widget-container\">\n\t\t\t\t\t<div class=\"ekit-wid-con\" >\t\t<div class=\"ekit-btn-wraper\">\n\t\t\t\t\t\t\t<a href=\"https:\/\/aquasunhotel.vn\/menu-thuc-uong\/\" class=\"elementskit-btn  whitespace--normal\" >\n\t\t\t\t\t\n\t\t\t\t\t\n\t\t\t\t\tmenu th\u1ee9c u\u1ed1ng\t\t\t\t<\/a>\n\t\t\t\t\t\t<\/div>\n        <\/div>\t\t\t\t<\/div>\n\t\t\t\t<\/div>\n\t\t\t\t\t<\/div>\n\t\t<\/div>\n\t\t\t\t\t<\/div>\n\t\t<\/section>\n\t\t\t\t<div class=\"elementor-element elementor-element-b7c168d elementor-invisible elementor-widget elementor-widget-gallery\" data-id=\"b7c168d\" data-element_type=\"widget\" data-settings=\"{&quot;columns&quot;:2,&quot;gap&quot;:{&quot;unit&quot;:&quot;px&quot;,&quot;size&quot;:0,&quot;sizes&quot;:[]},&quot;overlay_title&quot;:&quot;caption&quot;,&quot;image_hover_animation&quot;:&quot;grow&quot;,&quot;_animation&quot;:&quot;fadeIn&quot;,&quot;lazyload&quot;:&quot;yes&quot;,&quot;gallery_layout&quot;:&quot;grid&quot;,&quot;columns_tablet&quot;:2,&quot;columns_mobile&quot;:1,&quot;gap_tablet&quot;:{&quot;unit&quot;:&quot;px&quot;,&quot;size&quot;:10,&quot;sizes&quot;:[]},&quot;gap_mobile&quot;:{&quot;unit&quot;:&quot;px&quot;,&quot;size&quot;:10,&quot;sizes&quot;:[]},&quot;link_to&quot;:&quot;file&quot;,&quot;aspect_ratio&quot;:&quot;3:2&quot;}\" data-widget_type=\"gallery.default\">\n\t\t\t\t<div class=\"elementor-widget-container\">\n\t\t\t\t\t\t\t<div class=\"elementor-gallery__container\">\n\t\t\t\t\t\t\t<a class=\"e-gallery-item elementor-gallery-item elementor-animated-content\" href=\"https:\/\/aquasunhotel.vn\/wp-content\/uploads\/2023\/12\/IMG_2346-scaled.jpg\" data-elementor-open-lightbox=\"yes\" data-elementor-lightbox-slideshow=\"b7c168d\" data-elementor-lightbox-title=\"IMG_2346\" data-e-action-hash=\"#elementor-action%3Aaction%3Dlightbox%26settings%3DeyJpZCI6NTg1NywidXJsIjoiaHR0cHM6XC9cL2FxdWFzdW5ob3RlbC52blwvd3AtY29udGVudFwvdXBsb2Fkc1wvMjAyM1wvMTJcL0lNR18yMzQ2LXNjYWxlZC5qcGciLCJzbGlkZXNob3ciOiJiN2MxNjhkIn0%3D\">\n\t\t\t\t\t<div class=\"e-gallery-image elementor-gallery-item__image\" data-thumbnail=\"https:\/\/aquasunhotel.vn\/wp-content\/uploads\/2023\/12\/IMG_2346-scaled.jpg\" data-width=\"2560\" data-height=\"1920\" aria-label=\"\" role=\"img\" ><\/div>\n\t\t\t\t\t\t\t\t\t\t\t\t\t\t\t<div class=\"elementor-gallery-item__content\">\n\t\t\t\t\t\t\t\t\t\t\t<\/div>\n\t\t\t\t\t\t\t\t\t<\/a>\n\t\t\t\t\t\t\t<a class=\"e-gallery-item elementor-gallery-item elementor-animated-content\" href=\"https:\/\/aquasunhotel.vn\/wp-content\/uploads\/2023\/08\/SON_2865.jpg\" data-elementor-open-lightbox=\"yes\" data-elementor-lightbox-slideshow=\"b7c168d\" data-elementor-lightbox-title=\"SON_2865\" data-e-action-hash=\"#elementor-action%3Aaction%3Dlightbox%26settings%3DeyJpZCI6MjU1MiwidXJsIjoiaHR0cHM6XC9cL2FxdWFzdW5ob3RlbC52blwvd3AtY29udGVudFwvdXBsb2Fkc1wvMjAyM1wvMDhcL1NPTl8yODY1LmpwZyIsInNsaWRlc2hvdyI6ImI3YzE2OGQifQ%3D%3D\">\n\t\t\t\t\t<div class=\"e-gallery-image elementor-gallery-item__image\" data-thumbnail=\"https:\/\/aquasunhotel.vn\/wp-content\/uploads\/2023\/08\/SON_2865.jpg\" data-width=\"1805\" data-height=\"1205\" aria-label=\"\" role=\"img\" ><\/div>\n\t\t\t\t\t\t\t\t\t\t\t\t\t\t\t<div class=\"elementor-gallery-item__content\">\n\t\t\t\t\t\t\t\t\t\t\t<\/div>\n\t\t\t\t\t\t\t\t\t<\/a>\n\t\t\t\t\t<\/div>\n\t\t\t\t\t<\/div>\n\t\t\t\t<\/div>\n\t\t\t\t\t<\/div>\n\t\t<\/div>\n\t\t\t\t\t<\/div>\n\t\t<\/section>\n\t\t\t\t<section class=\"elementor-section elementor-top-section elementor-element elementor-element-4d6d96c elementor-section-boxed elementor-section-height-default elementor-section-height-default\" data-id=\"4d6d96c\" data-element_type=\"section\" data-settings=\"{&quot;background_background&quot;:&quot;classic&quot;}\">\n\t\t\t\t\t\t\t<div class=\"elementor-background-overlay\"><\/div>\n\t\t\t\t\t\t\t<div class=\"elementor-container elementor-column-gap-default\">\n\t\t\t\t\t<div class=\"elementor-column elementor-col-100 elementor-top-column elementor-element elementor-element-1a805ab\" data-id=\"1a805ab\" data-element_type=\"column\">\n\t\t\t<div class=\"elementor-widget-wrap elementor-element-populated\">\n\t\t\t\t\t\t<div class=\"elementor-element elementor-element-fc48655 elementor-widget elementor-widget-heading\" data-id=\"fc48655\" data-element_type=\"widget\" data-widget_type=\"heading.default\">\n\t\t\t\t<div class=\"elementor-widget-container\">\n\t\t\t\t\t<h2 class=\"elementor-heading-title elementor-size-default\">T\u1eadn h\u01b0\u1edfng \u1ea9m th\u1ef1c phong ph\u00fa v\u00e0 \u0111\u1ea7y dinh d\u01b0\u1ee1ng<\/h2>\t\t\t\t<\/div>\n\t\t\t\t<\/div>\n\t\t\t\t<div class=\"elementor-element elementor-element-fe1e959 elementor-widget__width-initial elementor-widget elementor-widget-text-editor\" data-id=\"fe1e959\" data-element_type=\"widget\" data-widget_type=\"text-editor.default\">\n\t\t\t\t<div class=\"elementor-widget-container\">\n\t\t\t\t\t\t\t\t\t<p>V\u1edbi c\u00e1c m\u00f3n \u0103n \u0111\u1ebfn t\u1eeb nhi\u1ec1u n\u1ec1n \u1ea9m th\u1ef1c kh\u00e1c nhau, b\u1ea1n s\u1ebd c\u00f3 b\u1eefa \u0103n s\u00e1ng cho ng\u00e0y m\u1edbi \u0111\u1ea7y n\u0103ng l\u01b0\u1ee3ng. B\u1eefa s\u00e1ng buffet \u0111\u1ea7y \u0111\u1ee7 dinh d\u01b0\u1ee1ng c\u0169ng nh\u01b0 th\u1ef1c \u0111\u01a1n h\u1ea5p d\u1eabn, \u0111a d\u1ea1ng, \u0111\u1ed5i m\u1edbi m\u1ed7i ng\u00e0y.<\/p>\n<p>Th\u1ef1c \u0111\u01a1n nh\u00e0 h\u00e0ng all day dining t\u1ea1i Aquasun Hotel v\u1edbi h\u01b0\u01a1ng v\u1ecb Vi\u1ec7t Nam &amp; \u00c1 \u2013 \u00c2u, k\u1ebft h\u1ee3p ngu\u1ed3n nguy\u00ean li\u1ec7u t\u1ef1 nhi\u00ean t\u01b0\u01a1i m\u1edbi v\u00e0 phong ph\u00fa, s\u1ebd gi\u00fap b\u1ea1n ghi l\u1ea1i d\u1ea5u \u1ea5n \u1ea9m th\u1ef1c tr\u00f2n v\u1ecb &#8211; kh\u00f4ng k\u00e9m ph\u1ea7n \u0111\u1eb7c s\u1eafc.<\/p>\t\t\t\t\t\t\t\t<\/div>\n\t\t\t\t<\/div>\n\t\t\t\t<div class=\"elementor-element elementor-element-128d144 elementor-align-center elementor-widget elementor-widget-button\" data-id=\"128d144\" data-element_type=\"widget\" data-widget_type=\"button.default\">\n\t\t\t\t<div class=\"elementor-widget-container\">\n\t\t\t\t\t\t\t\t\t<div class=\"elementor-button-wrapper\">\n\t\t\t\t\t<a class=\"elementor-button elementor-button-link elementor-size-sm\" href=\"tel:0902232887\">\n\t\t\t\t\t\t<span class=\"elementor-button-content-wrapper\">\n\t\t\t\t\t\t\t\t\t<span class=\"elementor-button-text\">\u0110\u1eb6T B\u00c0N NGAY<\/span>\n\t\t\t\t\t<\/span>\n\t\t\t\t\t<\/a>\n\t\t\t\t<\/div>\n\t\t\t\t\t\t\t\t<\/div>\n\t\t\t\t<\/div>\n\t\t\t\t\t<\/div>\n\t\t<\/div>\n\t\t\t\t\t<\/div>\n\t\t<\/section>\n\t\t\t\t<\/div>\n\t\t","protected":false},"excerpt":{"rendered":"<p>Khi m\u1ed7i nguy\u00ean li\u1ec7u l\u00e0 m\u1ed9t c\u00e2u chuy\u1ec7n&#8230; Trang ch\u1ee7 \u1ea8m th\u1ef1c \u0110\u1ec3 h\u01b0\u1edbng t\u1edbi nh\u1eefng tr\u1ea3i nghi\u1ec7m tr\u1ecdn v\u1eb9n v\u00e0 ch\u1ea5t l\u01b0\u1ee3ng Aquasun Hotel ph\u1ee5c v\u1ee5 qu\u00fd kh\u00e1ch t\u1eeb nh\u1eefng b\u1eefa s\u00e1ng tr\u00e0n \u0111\u1ea7y n\u0103ng l\u01b0\u1ee3ng \u0111\u1ebfn nh\u1eefng b\u1eefa \u0103n tr\u01b0a hay b\u1eefa t\u1ed1i \u1ea5m c\u00fang t\u1ea1i Aqua-restaurant. Ngo\u00e0i ra, Aqua-rooftop Edenmoon Bar c\u0169ng [&hellip;]<\/p>\n","protected":false},"author":1,"featured_media":0,"parent":0,"menu_order":0,"comment_status":"closed","ping_status":"closed","template":"elementor_header_footer","meta":{"om_disable_all_campaigns":false,"_monsterinsights_skip_tracking":false,"_monsterinsights_sitenote_active":false,"_monsterinsights_sitenote_note":"","_monsterinsights_sitenote_category":0,"_uf_show_specific_survey":0,"_uf_disable_surveys":false,"footnotes":""},"class_list":["post-132","page","type-page","status-publish","hentry"],"aioseo_notices":[],"lang":"vi","translations":{"vi":132,"en":4490},"pll_sync_post":[],"_links":{"self":[{"href":"https:\/\/aquasunhotel.vn\/index.php?rest_route=\/wp\/v2\/pages\/132"}],"collection":[{"href":"https:\/\/aquasunhotel.vn\/index.php?rest_route=\/wp\/v2\/pages"}],"about":[{"href":"https:\/\/aquasunhotel.vn\/index.php?rest_route=\/wp\/v2\/types\/page"}],"author":[{"embeddable":true,"href":"https:\/\/aquasunhotel.vn\/index.php?rest_route=\/wp\/v2\/users\/1"}],"replies":[{"embeddable":true,"href":"https:\/\/aquasunhotel.vn\/index.php?rest_route=%2Fwp%2Fv2%2Fcomments&post=132"}],"version-history":[{"count":310,"href":"https:\/\/aquasunhotel.vn\/index.php?rest_route=\/wp\/v2\/pages\/132\/revisions"}],"predecessor-version":[{"id":6051,"href":"https:\/\/aquasunhotel.vn\/index.php?rest_route=\/wp\/v2\/pages\/132\/revisions\/6051"}],"wp:attachment":[{"href":"https:\/\/aquasunhotel.vn\/index.php?rest_route=%2Fwp%2Fv2%2Fmedia&parent=132"}],"curies":[{"name":"wp","href":"https:\/\/api.w.org\/{rel}","templated":true}]}}